{"id":726,"date":"2020-11-24T10:40:01","date_gmt":"2020-11-24T09:40:01","guid":{"rendered":"https:\/\/www.wuennenberg-bueren.de\/zweckverband\/?page_id=726"},"modified":"2023-04-19T08:15:30","modified_gmt":"2023-04-19T06:15:30","slug":"wurzgarten-der-wildtierfreundliche-garten","status":"publish","type":"page","link":"https:\/\/www.wuennenberg-bueren.de\/zweckverband\/wurzgarten-der-wildtierfreundliche-garten\/","title":{"rendered":"Wurzgarten &#8211; Der Wildtierfreundliche Garten"},"content":{"rendered":"\n<p>Um Wildtiere in den eigenen Garten zu locken, sollte man sich stets vor Augen f\u00fchren, was ein Wildtier braucht. Die Grundbed\u00fcrfnisse der meisten Wildtiere sind sehr \u00e4hnlich:<\/p>\n\n\n\n<p><strong>Wasser<\/strong><\/p>\n\n\n\n<p>F\u00fcr Wildtiere ist Wasser genauso essenziell wie f\u00fcr Menschen. Daher sollte reichlich Wasser angeboten werden, sei es im naturnahen Gartenteich oder im Topfuntersetzer. Aber Achtung, bei tieferen Gew\u00e4ssern brauchen verungl\u00fcckte Wildtiere eine Ausstiegshilfe.<\/p>\n\n\n\n<p><strong>Nahrung<\/strong><\/p>\n\n\n\n<p>Das Nahrungsangebot sollte m\u00f6glichst vielf\u00e4ltig und ohne L\u00fccken \u00fcber das ganze Jahr verteilt sein. Wildtiere profitieren von Bl\u00fchpflanzen, aber auch Obst- und Nussb\u00e4umen, sowie fr\u00fcchtetragende Str\u00e4ucher.<\/p>\n\n\n\n<p><strong>Unterschlupfm\u00f6glichkeiten<\/strong><\/p>\n\n\n\n<p>Bei Hitze oder Dauerregen, ob zum Schlafen am Tag oder in Nacht. Nat\u00fcrliche Unterschlupfm\u00f6glichkeiten bieten Hecken, Stein- und Holzhaufen, aber auch Wildtierh\u00e4uschen.<\/p>\n\n\n\n<p><strong>Brut-\/Nistpl\u00e4tze<\/strong><\/p>\n\n\n\n<p>Die Bed\u00fcrfnisse der einzelnen Tierarten k\u00f6nnen sehr unterschiedlich sein, daher ist auch hier wieder Vielfalt gefragt.<\/p>\n\n\n\n<p>Weitere <strong>Informationen zum Wurzgarten<\/strong> finden Sie hier:<\/p>\n\n\n\n<ul class=\"wp-block-list\">\n<li><a aria-label=\"undefined (opens in a new tab)\" href=\"https:\/\/www.wuennenberg-bueren.de\/zweckverband\/wurzgarten-bueren\/\" target=\"_blank\" rel=\"noreferrer noopener\">Allgemeine Informationen<\/a><\/li>\n\n\n\n<li><a aria-label=\"undefined (opens in a new tab)\" href=\"https:\/\/www.wuennenberg-bueren.de\/zweckverband\/?page_id=690\" target=\"_blank\" rel=\"noreferrer noopener\">Geschichte<\/a><\/li>\n\n\n\n<li><a aria-label=\"undefined (opens in a new tab)\" href=\"https:\/\/www.wuennenberg-bueren.de\/zweckverband\/?page_id=697\" target=\"_blank\" rel=\"noreferrer noopener\">Der Selberversorger-Garten<\/a><\/li>\n\n\n\n<li><a aria-label=\"undefined (opens in a new tab)\" href=\"https:\/\/www.wuennenberg-bueren.de\/zweckverband\/wurzgarten-der-naturnahe-garten\/\" target=\"_blank\" rel=\"noreferrer noopener\">Der naturnahe Garten<\/a><\/li>\n\n\n\n<li><a aria-label=\"undefined (opens in a new tab)\" href=\"https:\/\/www.wuennenberg-bueren.de\/zweckverband\/wurzgarten-heimische-wildpflanzen\/\" target=\"_blank\" rel=\"noreferrer noopener\">Heimische Wildpflanzen<\/a><\/li>\n\n\n\n<li>Der Wildtierfreundliche Garten<\/li>\n\n\n\n<li><a aria-label=\"undefined (opens in a new tab)\" href=\"https:\/\/www.wuennenberg-bueren.de\/zweckverband\/wurzgarten-kontakt-und-lageplan\/\" target=\"_blank\" rel=\"noreferrer noopener\">Kontakt und Lageplan<\/a><\/li>\n<\/ul>\n\n\n\n<p>Den Flyer zum Download gibt es hier: <a href=\"https:\/\/www.wuennenberg-bueren.de\/zweckverband\/wp-content\/uploads\/2021\/03\/Flyer-Wurzgarten.pdf\" target=\"_blank\" rel=\"noreferrer noopener\">Flyer-Wurzgarten<\/a><\/p>\n\n\n\n<figure class=\"wp-block-gallery has-nested-images columns-default is-cropped wp-block-gallery-1 is-layout-flex wp-block-gallery-is-layout-flex\">\n<figure class=\"wp-block-image size-large\"><img loading=\"lazy\" decoding=\"async\" width=\"1024\" height=\"768\" data-id=\"727\" src=\"https:\/\/www.wuennenberg-bueren.de\/zweckverband\/wp-content\/uploads\/2020\/11\/blackbird-nest-804030_1280-1024x768.jpg\" alt=\"\" class=\"wp-image-727\" srcset=\"https:\/\/www.wuennenberg-bueren.de\/zweckverband\/wp-content\/uploads\/2020\/11\/blackbird-nest-804030_1280-1024x768.jpg 1024w, https:\/\/www.wuennenberg-bueren.de\/zweckverband\/wp-content\/uploads\/2020\/11\/blackbird-nest-804030_1280-300x225.jpg 300w, https:\/\/www.wuennenberg-bueren.de\/zweckverband\/wp-content\/uploads\/2020\/11\/blackbird-nest-804030_1280-768x576.jpg 768w, https:\/\/www.wuennenberg-bueren.de\/zweckverband\/wp-content\/uploads\/2020\/11\/blackbird-nest-804030_1280.jpg 1280w\" sizes=\"auto, (max-width: 1024px) 100vw, 1024px\" \/><\/figure>\n\n\n\n<figure class=\"wp-block-image size-large\"><img loading=\"lazy\" decoding=\"async\" width=\"960\" height=\"633\" data-id=\"29\" src=\"https:\/\/www.wuennenberg-bueren.de\/zweckverband\/wp-content\/uploads\/2018\/07\/Monika-Winterschlafplatz-Igel-1.jpg\" alt=\"\" class=\"wp-image-29\" srcset=\"https:\/\/www.wuennenberg-bueren.de\/zweckverband\/wp-content\/uploads\/2018\/07\/Monika-Winterschlafplatz-Igel-1.jpg 960w, https:\/\/www.wuennenberg-bueren.de\/zweckverband\/wp-content\/uploads\/2018\/07\/Monika-Winterschlafplatz-Igel-1-300x198.jpg 300w, https:\/\/www.wuennenberg-bueren.de\/zweckverband\/wp-content\/uploads\/2018\/07\/Monika-Winterschlafplatz-Igel-1-768x506.jpg 768w\" sizes=\"auto, (max-width: 960px) 100vw, 960px\" \/><\/figure>\n<\/figure>\n\n\n\n<div style=\"height:9px\" aria-hidden=\"true\" class=\"wp-block-spacer\"><\/div>\n\n\n\n<figure class=\"wp-block-image size-large is-resized\"><img loading=\"lazy\" decoding=\"async\" src=\"https:\/\/www.wuennenberg-bueren.de\/zweckverband\/wp-content\/uploads\/2018\/07\/Waldeidechse-1.jpg\" alt=\"\" class=\"wp-image-14\" width=\"839\" height=\"839\" srcset=\"https:\/\/www.wuennenberg-bueren.de\/zweckverband\/wp-content\/uploads\/2018\/07\/Waldeidechse-1.jpg 708w, https:\/\/www.wuennenberg-bueren.de\/zweckverband\/wp-content\/uploads\/2018\/07\/Waldeidechse-1-150x150.jpg 150w, https:\/\/www.wuennenberg-bueren.de\/zweckverband\/wp-content\/uploads\/2018\/07\/Waldeidechse-1-300x300.jpg 300w\" sizes=\"auto, (max-width: 839px) 100vw, 839px\" \/><\/figure>\n\n\n\n<div style=\"height:100px\" aria-hidden=\"true\" class=\"wp-block-spacer\"><\/div>\n\n\n<div class=\"wp-block-image\">\n<figure class=\"aligncenter size-large\"><img loading=\"lazy\" decoding=\"async\" width=\"1024\" height=\"221\" src=\"https:\/\/www.wuennenberg-bueren.de\/zweckverband\/wp-content\/uploads\/2021\/08\/LEADER_Wurzgarten-1024x221.jpg\" alt=\"\" class=\"wp-image-925\" srcset=\"https:\/\/www.wuennenberg-bueren.de\/zweckverband\/wp-content\/uploads\/2021\/08\/LEADER_Wurzgarten-1024x221.jpg 1024w, https:\/\/www.wuennenberg-bueren.de\/zweckverband\/wp-content\/uploads\/2021\/08\/LEADER_Wurzgarten-300x65.jpg 300w, https:\/\/www.wuennenberg-bueren.de\/zweckverband\/wp-content\/uploads\/2021\/08\/LEADER_Wurzgarten-768x166.jpg 768w, https:\/\/www.wuennenberg-bueren.de\/zweckverband\/wp-content\/uploads\/2021\/08\/LEADER_Wurzgarten-1536x332.jpg 1536w, https:\/\/www.wuennenberg-bueren.de\/zweckverband\/wp-content\/uploads\/2021\/08\/LEADER_Wurzgarten.jpg 1862w\" sizes=\"auto, (max-width: 1024px) 100vw, 1024px\" \/><\/figure>\n<\/div>\n\n\n<div style=\"height:100px\" aria-hidden=\"true\" class=\"wp-block-spacer\"><\/div>\n","protected":false},"excerpt":{"rendered":"<p>Um Wildtiere in den eigenen Garten zu locken, sollte man sich stets vor Augen f\u00fchren, was ein Wildtier braucht. Die Grundbed\u00fcrfnisse der meisten Wildtiere sind sehr \u00e4hnlich: Wasser F\u00fcr Wildtiere ist Wasser genauso essenziell wie f\u00fcr Menschen. Daher sollte reichlich Wasser angeboten werden, sei es im naturnahen Gartenteich oder im [&hellip;]<\/p>\n","protected":false},"author":2,"featured_media":729,"parent":0,"menu_order":0,"comment_status":"closed","ping_status":"closed","template":"","meta":{"footnotes":""},"class_list":["post-726","page","type-page","status-publish","has-post-thumbnail","hentry"],"_links":{"self":[{"href":"https:\/\/www.wuennenberg-bueren.de\/zweckverband\/wp-json\/wp\/v2\/pages\/726","targetHints":{"allow":["GET"]}}],"collection":[{"href":"https:\/\/www.wuennenberg-bueren.de\/zweckverband\/wp-json\/wp\/v2\/pages"}],"about":[{"href":"https:\/\/www.wuennenberg-bueren.de\/zweckverband\/wp-json\/wp\/v2\/types\/page"}],"author":[{"embeddable":true,"href":"https:\/\/www.wuennenberg-bueren.de\/zweckverband\/wp-json\/wp\/v2\/users\/2"}],"replies":[{"embeddable":true,"href":"https:\/\/www.wuennenberg-bueren.de\/zweckverband\/wp-json\/wp\/v2\/comments?post=726"}],"version-history":[{"count":8,"href":"https:\/\/www.wuennenberg-bueren.de\/zweckverband\/wp-json\/wp\/v2\/pages\/726\/revisions"}],"predecessor-version":[{"id":1506,"href":"https:\/\/www.wuennenberg-bueren.de\/zweckverband\/wp-json\/wp\/v2\/pages\/726\/revisions\/1506"}],"wp:featuredmedia":[{"embeddable":true,"href":"https:\/\/www.wuennenberg-bueren.de\/zweckverband\/wp-json\/wp\/v2\/media\/729"}],"wp:attachment":[{"href":"https:\/\/www.wuennenberg-bueren.de\/zweckverband\/wp-json\/wp\/v2\/media?parent=726"}],"curies":[{"name":"wp","href":"https:\/\/api.w.org\/{rel}","templated":true}]}}

<p>Um Wildtiere in den eigenen Garten zu locken, sollte man sich stets vor Augen führen, was ein Wildtier braucht. Die Grundbedürfnisse der meisten Wildtiere sind sehr ähnlich:</p>



<p><strong>Wasser</strong></p>



<p>Für Wildtiere ist Wasser genauso essenziell wie für Menschen. Daher sollte reichlich Wasser angeboten werden, sei es im naturnahen Gartenteich oder im Topfuntersetzer. Aber Achtung, bei tieferen Gewässern brauchen verunglückte Wildtiere eine Ausstiegshilfe.</p>



<p><strong>Nahrung</strong></p>



<p>Das Nahrungsangebot sollte möglichst vielfältig und ohne Lücken über das ganze Jahr verteilt sein. Wildtiere profitieren von Blühpflanzen, aber auch Obst- und Nussbäumen, sowie früchtetragende Sträucher.</p>



<p><strong>Unterschlupfmöglichkeiten</strong></p>



<p>Bei Hitze oder Dauerregen, ob zum Schlafen am Tag oder in Nacht. Natürliche Unterschlupfmöglichkeiten bieten Hecken, Stein- und Holzhaufen, aber auch Wildtierhäuschen.</p>



<p><strong>Brut-/Nistplätze</strong></p>



<p>Die Bedürfnisse der einzelnen Tierarten können sehr unterschiedlich sein, daher ist auch hier wieder Vielfalt gefragt.</p>



<p>Weitere <strong>Informationen zum Wurzgarten</strong> finden Sie hier:</p>



<ul class="wp-block-list">
<li><a aria-label="undefined (opens in a new tab)" href="https://www.wuennenberg-bueren.de/zweckverband/wurzgarten-bueren/" target="_blank" rel="noreferrer noopener">Allgemeine Informationen</a></li>



<li><a aria-label="undefined (opens in a new tab)" href="https://www.wuennenberg-bueren.de/zweckverband/?page_id=690" target="_blank" rel="noreferrer noopener">Geschichte</a></li>



<li><a aria-label="undefined (opens in a new tab)" href="https://www.wuennenberg-bueren.de/zweckverband/?page_id=697" target="_blank" rel="noreferrer noopener">Der Selberversorger-Garten</a></li>



<li><a aria-label="undefined (opens in a new tab)" href="https://www.wuennenberg-bueren.de/zweckverband/wurzgarten-der-naturnahe-garten/" target="_blank" rel="noreferrer noopener">Der naturnahe Garten</a></li>



<li><a aria-label="undefined (opens in a new tab)" href="https://www.wuennenberg-bueren.de/zweckverband/wurzgarten-heimische-wildpflanzen/" target="_blank" rel="noreferrer noopener">Heimische Wildpflanzen</a></li>



<li>Der Wildtierfreundliche Garten</li>



<li><a aria-label="undefined (opens in a new tab)" href="https://www.wuennenberg-bueren.de/zweckverband/wurzgarten-kontakt-und-lageplan/" target="_blank" rel="noreferrer noopener">Kontakt und Lageplan</a></li>
</ul>



<p>Den Flyer zum Download gibt es hier: <a href="https://www.wuennenberg-bueren.de/zweckverband/wp-content/uploads/2021/03/Flyer-Wurzgarten.pdf" target="_blank" rel="noreferrer noopener">Flyer-Wurzgarten</a></p>



<figure class="wp-block-gallery has-nested-images columns-default is-cropped wp-block-gallery-1 is-layout-flex wp-block-gallery-is-layout-flex">
<figure class="wp-block-image size-large"><img loading="lazy" decoding="async" width="1024" height="768" data-id="727" src="https://www.wuennenberg-bueren.de/zweckverband/wp-content/uploads/2020/11/blackbird-nest-804030_1280-1024x768.jpg" alt="" class="wp-image-727" srcset="https://www.wuennenberg-bueren.de/zweckverband/wp-content/uploads/2020/11/blackbird-nest-804030_1280-1024x768.jpg 1024w, https://www.wuennenberg-bueren.de/zweckverband/wp-content/uploads/2020/11/blackbird-nest-804030_1280-300x225.jpg 300w, https://www.wuennenberg-bueren.de/zweckverband/wp-content/uploads/2020/11/blackbird-nest-804030_1280-768x576.jpg 768w, https://www.wuennenberg-bueren.de/zweckverband/wp-content/uploads/2020/11/blackbird-nest-804030_1280.jpg 1280w" sizes="auto, (max-width: 1024px) 100vw, 1024px" /></figure>



<figure class="wp-block-image size-large"><img loading="lazy" decoding="async" width="960" height="633" data-id="29" src="https://www.wuennenberg-bueren.de/zweckverband/wp-content/uploads/2018/07/Monika-Winterschlafplatz-Igel-1.jpg" alt="" class="wp-image-29" srcset="https://www.wuennenberg-bueren.de/zweckverband/wp-content/uploads/2018/07/Monika-Winterschlafplatz-Igel-1.jpg 960w, https://www.wuennenberg-bueren.de/zweckverband/wp-content/uploads/2018/07/Monika-Winterschlafplatz-Igel-1-300x198.jpg 300w, https://www.wuennenberg-bueren.de/zweckverband/wp-content/uploads/2018/07/Monika-Winterschlafplatz-Igel-1-768x506.jpg 768w" sizes="auto, (max-width: 960px) 100vw, 960px" /></figure>
</figure>



<div style="height:9px" aria-hidden="true" class="wp-block-spacer"></div>



<figure class="wp-block-image size-large is-resized"><img loading="lazy" decoding="async" src="https://www.wuennenberg-bueren.de/zweckverband/wp-content/uploads/2018/07/Waldeidechse-1.jpg" alt="" class="wp-image-14" width="839" height="839" srcset="https://www.wuennenberg-bueren.de/zweckverband/wp-content/uploads/2018/07/Waldeidechse-1.jpg 708w, https://www.wuennenberg-bueren.de/zweckverband/wp-content/uploads/2018/07/Waldeidechse-1-150x150.jpg 150w, https://www.wuennenberg-bueren.de/zweckverband/wp-content/uploads/2018/07/Waldeidechse-1-300x300.jpg 300w" sizes="auto, (max-width: 839px) 100vw, 839px" /></figure>



<div style="height:100px" aria-hidden="true" class="wp-block-spacer"></div>


<div class="wp-block-image">
<figure class="aligncenter size-large"><img loading="lazy" decoding="async" width="1024" height="221" src="https://www.wuennenberg-bueren.de/zweckverband/wp-content/uploads/2021/08/LEADER_Wurzgarten-1024x221.jpg" alt="" class="wp-image-925" srcset="https://www.wuennenberg-bueren.de/zweckverband/wp-content/uploads/2021/08/LEADER_Wurzgarten-1024x221.jpg 1024w, https://www.wuennenberg-bueren.de/zweckverband/wp-content/uploads/2021/08/LEADER_Wurzgarten-300x65.jpg 300w, https://www.wuennenberg-bueren.de/zweckverband/wp-content/uploads/2021/08/LEADER_Wurzgarten-768x166.jpg 768w, https://www.wuennenberg-bueren.de/zweckverband/wp-content/uploads/2021/08/LEADER_Wurzgarten-1536x332.jpg 1536w, https://www.wuennenberg-bueren.de/zweckverband/wp-content/uploads/2021/08/LEADER_Wurzgarten.jpg 1862w" sizes="auto, (max-width: 1024px) 100vw, 1024px" /></figure>
</div>


<div style="height:100px" aria-hidden="true" class="wp-block-spacer"></div>

<p>Um Wildtiere in den eigenen Garten zu locken, sollte man sich stets vor Augen führen, was ein Wildtier braucht. Die Grundbedürfnisse der meisten Wildtiere sind sehr ähnlich: Wasser Für Wildtiere ist Wasser genauso essenziell wie für Menschen. Daher sollte reichlich Wasser angeboten werden, sei es im naturnahen Gartenteich oder im [&hellip;]</p>
