{"id":7,"date":"2018-07-17T11:12:47","date_gmt":"2018-07-17T09:12:47","guid":{"rendered":"http:\/\/www.wuennenberg-bueren.de\/zweckverband\/?page_id=7"},"modified":"2024-10-17T08:55:41","modified_gmt":"2024-10-17T06:55:41","slug":"startseite","status":"publish","type":"page","link":"https:\/\/www.wuennenberg-bueren.de\/zweckverband\/","title":{"rendered":"Startseite"},"content":{"rendered":"\n<div class=\"wp-block-columns is-layout-flex wp-container-core-columns-is-layout-28f84493 wp-block-columns-is-layout-flex\">\n<div class=\"wp-block-column is-layout-flow wp-block-column-is-layout-flow\">\n<h3 class=\"wp-block-heading\"><a href=\"https:\/\/www.wuennenberg-bueren.de\/zweckverband\/dorfzukunft-pflanzen\/\" target=\"_blank\" rel=\"noreferrer noopener\">DorfZukunft.Pflanzen<\/a><\/h3>\n\n\n\n<p><strong>Bad W\u00fcnnenberg \/ B\u00fcren<\/strong><\/p>\n\n\n\n<p>Mit dem Projekt \u201e<a href=\"https:\/\/www.wuennenberg-bueren.de\/zweckverband\/dorfzukunft-pflanzen\/\" target=\"_blank\" rel=\"noreferrer noopener\">DorfZukunft.Pflanzen<\/a>\u201c startet der Zweckverbandes Bevorzugtes Erholungsgebiet Bad W\u00fcnnenberg\/B\u00fcren ein umfangreiches Angebot, das altes Pflanzenwissen wieder aufleben l\u00e4sst und den Weg f\u00fcr eine nachhaltige Zukunft ebnet. In Zeiten von Klimawandel, Pandemien und globalen Krisen bietet das Projekt B\u00fcrgerinnen und B\u00fcrgern die M\u00f6glichkeit, mehr \u00fcber die heimische Pflanzenwelt zu erfahren und aktiv am Erhalt der traditionellen Dorfvegetation mitzuwirken.<\/p>\n\n\n\n<p>\u201eWir werden jedes Jahr ein umfangreiches Angebot von Vortr\u00e4gen, Workshops und Dorfspazierg\u00e4ngen anbieten und laden all diejenigen herzlich ein, die mehr \u00fcber Pflanzen, ihre Verwendung und nachhaltiges G\u00e4rtnern wissen m\u00f6chten\u201c, so Carolin Schepers, Gesch\u00e4ftsf\u00fchrerin.<\/p>\n\n\n\n<p><a href=\"https:\/\/www.wuennenberg-bueren.de\/zweckverband\/category\/veranstaltungen\/\" target=\"_blank\" rel=\"noreferrer noopener\">Die aktuellen Veranstaltungen finden Sie hier.<\/a><\/p>\n<\/div>\n\n\n\n<div class=\"wp-block-column is-layout-flow wp-block-column-is-layout-flow\"><\/div>\n<\/div>\n","protected":false},"excerpt":{"rendered":"<p>DorfZukunft.Pflanzen Bad W\u00fcnnenberg \/ B\u00fcren Mit dem Projekt \u201eDorfZukunft.Pflanzen\u201c startet der Zweckverbandes Bevorzugtes Erholungsgebiet Bad W\u00fcnnenberg\/B\u00fcren ein umfangreiches Angebot, das altes Pflanzenwissen wieder aufleben l\u00e4sst und den Weg f\u00fcr eine nachhaltige Zukunft ebnet. In Zeiten von Klimawandel, Pandemien und globalen Krisen bietet das Projekt B\u00fcrgerinnen und B\u00fcrgern die M\u00f6glichkeit, mehr [&hellip;]<\/p>\n","protected":false},"author":2,"featured_media":2013,"parent":0,"menu_order":0,"comment_status":"closed","ping_status":"closed","template":"","meta":{"footnotes":""},"class_list":["post-7","page","type-page","status-publish","has-post-thumbnail","hentry"],"_links":{"self":[{"href":"https:\/\/www.wuennenberg-bueren.de\/zweckverband\/wp-json\/wp\/v2\/pages\/7","targetHints":{"allow":["GET"]}}],"collection":[{"href":"https:\/\/www.wuennenberg-bueren.de\/zweckverband\/wp-json\/wp\/v2\/pages"}],"about":[{"href":"https:\/\/www.wuennenberg-bueren.de\/zweckverband\/wp-json\/wp\/v2\/types\/page"}],"author":[{"embeddable":true,"href":"https:\/\/www.wuennenberg-bueren.de\/zweckverband\/wp-json\/wp\/v2\/users\/2"}],"replies":[{"embeddable":true,"href":"https:\/\/www.wuennenberg-bueren.de\/zweckverband\/wp-json\/wp\/v2\/comments?post=7"}],"version-history":[{"count":16,"href":"https:\/\/www.wuennenberg-bueren.de\/zweckverband\/wp-json\/wp\/v2\/pages\/7\/revisions"}],"predecessor-version":[{"id":2030,"href":"https:\/\/www.wuennenberg-bueren.de\/zweckverband\/wp-json\/wp\/v2\/pages\/7\/revisions\/2030"}],"wp:featuredmedia":[{"embeddable":true,"href":"https:\/\/www.wuennenberg-bueren.de\/zweckverband\/wp-json\/wp\/v2\/media\/2013"}],"wp:attachment":[{"href":"https:\/\/www.wuennenberg-bueren.de\/zweckverband\/wp-json\/wp\/v2\/media?parent=7"}],"curies":[{"name":"wp","href":"https:\/\/api.w.org\/{rel}","templated":true}]}}