{"id":1763,"date":"2024-04-18T13:32:03","date_gmt":"2024-04-18T11:32:03","guid":{"rendered":"https:\/\/www.wuennenberg-bueren.de\/zweckverband\/?page_id=1763"},"modified":"2024-06-04T10:59:02","modified_gmt":"2024-06-04T08:59:02","slug":"kraeuteroel-selber-machen","status":"publish","type":"page","link":"https:\/\/www.wuennenberg-bueren.de\/zweckverband\/kraeuteroel-selber-machen\/","title":{"rendered":"Kr\u00e4uter\u00f6l selber machen"},"content":{"rendered":"\n<p><em>Diese Veranstaltung ist zum Mitmachen.<\/em><\/p>\n\n\n\n<p>Gemeinsam wird Kr\u00e4uter\u00f6l aus verschiedensten Kr\u00e4utern des Wurzgarten hergestellt. Hierzu werden gemeinsam Kr\u00e4uter aus dem Wurzgarten gesammelt, ges\u00e4ubert und anschlie\u00dfend zu Kr\u00e4uter\u00f6len verarbeitet.<\/p>\n\n\n\n<p>Material, wie Kr\u00e4uter, \u00d6l und Gef\u00e4\u00dfe werden kostenlos zur Verf\u00fcgung gestellt.<\/p>\n\n\n\n<p><\/p>\n\n\n\n<div style=\"height:39px\" aria-hidden=\"true\" class=\"wp-block-spacer\"><\/div>\n\n\n\n<p><mark style=\"background-color:#98bf64\" class=\"has-inline-color has-white-color\">Samstag, den 08. Juni \u2013 \u00d6ffnung 14:00 \u2013 18:00 Uhr<\/mark><\/p>\n\n\n\n<p>16:00 \u2013 16:30 Uhr \u2013 Kr\u00e4uter\u00f6l selbst gemacht<\/p>\n\n\n\n<p><\/p>\n\n\n\n<div style=\"height:41px\" aria-hidden=\"true\" class=\"wp-block-spacer\"><\/div>\n\n\n\n<p>Infoblatt zum Download gibt es hier:<\/p>\n\n\n\n<p><a href=\"https:\/\/www.wuennenberg-bueren.de\/zweckverband\/wp-content\/uploads\/2024\/06\/Infoblatt-Kraeuteroel_Selber_Machen.pdf\" target=\"_blank\" rel=\"noreferrer noopener\">Kr\u00e4uter\u00f6l selber machen<\/a><\/p>\n\n\n\n<div style=\"height:58px\" aria-hidden=\"true\" class=\"wp-block-spacer\"><\/div>\n\n\n\n<figure class=\"wp-block-image size-large\"><img loading=\"lazy\" decoding=\"async\" width=\"1024\" height=\"673\" src=\"https:\/\/www.wuennenberg-bueren.de\/zweckverband\/wp-content\/uploads\/2024\/04\/XX-Oel-Couleur-1024x673.jpg\" alt=\"\" class=\"wp-image-1774\" srcset=\"https:\/\/www.wuennenberg-bueren.de\/zweckverband\/wp-content\/uploads\/2024\/04\/XX-Oel-Couleur-1024x673.jpg 1024w, https:\/\/www.wuennenberg-bueren.de\/zweckverband\/wp-content\/uploads\/2024\/04\/XX-Oel-Couleur-300x197.jpg 300w, https:\/\/www.wuennenberg-bueren.de\/zweckverband\/wp-content\/uploads\/2024\/04\/XX-Oel-Couleur-768x505.jpg 768w, https:\/\/www.wuennenberg-bueren.de\/zweckverband\/wp-content\/uploads\/2024\/04\/XX-Oel-Couleur.jpg 1280w\" sizes=\"auto, (max-width: 1024px) 100vw, 1024px\" \/><\/figure>\n\n\n\n<div style=\"height:58px\" aria-hidden=\"true\" class=\"wp-block-spacer\"><\/div>\n","protected":false},"excerpt":{"rendered":"<p>Diese Veranstaltung ist zum Mitmachen. Gemeinsam wird Kr\u00e4uter\u00f6l aus verschiedensten Kr\u00e4utern des Wurzgarten hergestellt. Hierzu werden gemeinsam Kr\u00e4uter aus dem Wurzgarten gesammelt, ges\u00e4ubert und anschlie\u00dfend zu Kr\u00e4uter\u00f6len verarbeitet. Material, wie Kr\u00e4uter, \u00d6l und Gef\u00e4\u00dfe werden kostenlos zur Verf\u00fcgung gestellt. Samstag, den 08. Juni \u2013 \u00d6ffnung 14:00 \u2013 18:00 Uhr 16:00 [&hellip;]<\/p>\n","protected":false},"author":2,"featured_media":1774,"parent":0,"menu_order":0,"comment_status":"closed","ping_status":"closed","template":"","meta":{"footnotes":""},"class_list":["post-1763","page","type-page","status-publish","has-post-thumbnail","hentry"],"_links":{"self":[{"href":"https:\/\/www.wuennenberg-bueren.de\/zweckverband\/wp-json\/wp\/v2\/pages\/1763","targetHints":{"allow":["GET"]}}],"collection":[{"href":"https:\/\/www.wuennenberg-bueren.de\/zweckverband\/wp-json\/wp\/v2\/pages"}],"about":[{"href":"https:\/\/www.wuennenberg-bueren.de\/zweckverband\/wp-json\/wp\/v2\/types\/page"}],"author":[{"embeddable":true,"href":"https:\/\/www.wuennenberg-bueren.de\/zweckverband\/wp-json\/wp\/v2\/users\/2"}],"replies":[{"embeddable":true,"href":"https:\/\/www.wuennenberg-bueren.de\/zweckverband\/wp-json\/wp\/v2\/comments?post=1763"}],"version-history":[{"count":12,"href":"https:\/\/www.wuennenberg-bueren.de\/zweckverband\/wp-json\/wp\/v2\/pages\/1763\/revisions"}],"predecessor-version":[{"id":1887,"href":"https:\/\/www.wuennenberg-bueren.de\/zweckverband\/wp-json\/wp\/v2\/pages\/1763\/revisions\/1887"}],"wp:featuredmedia":[{"embeddable":true,"href":"https:\/\/www.wuennenberg-bueren.de\/zweckverband\/wp-json\/wp\/v2\/media\/1774"}],"wp:attachment":[{"href":"https:\/\/www.wuennenberg-bueren.de\/zweckverband\/wp-json\/wp\/v2\/media?parent=1763"}],"curies":[{"name":"wp","href":"https:\/\/api.w.org\/{rel}","templated":true}]}}

Kräuteröl selber machen

<p><em>Diese Veranstaltung ist zum Mitmachen.</em></p>



<p>Gemeinsam wird Kräuteröl aus verschiedensten Kräutern des Wurzgarten hergestellt. Hierzu werden gemeinsam Kräuter aus dem Wurzgarten gesammelt, gesäubert und anschließend zu Kräuterölen verarbeitet.</p>



<p>Material, wie Kräuter, Öl und Gefäße werden kostenlos zur Verfügung gestellt.</p>



<p></p>



<div style="height:39px" aria-hidden="true" class="wp-block-spacer"></div>



<p><mark style="background-color:#98bf64" class="has-inline-color has-white-color">Samstag, den 08. Juni – Öffnung 14:00 – 18:00 Uhr</mark></p>



<p>16:00 – 16:30 Uhr – Kräuteröl selbst gemacht</p>



<p></p>



<div style="height:41px" aria-hidden="true" class="wp-block-spacer"></div>



<p>Infoblatt zum Download gibt es hier:</p>



<p><a href="https://www.wuennenberg-bueren.de/zweckverband/wp-content/uploads/2024/06/Infoblatt-Kraeuteroel_Selber_Machen.pdf" target="_blank" rel="noreferrer noopener">Kräuteröl selber machen</a></p>



<div style="height:58px" aria-hidden="true" class="wp-block-spacer"></div>



<figure class="wp-block-image size-large"><img loading="lazy" decoding="async" width="1024" height="673" src="https://www.wuennenberg-bueren.de/zweckverband/wp-content/uploads/2024/04/XX-Oel-Couleur-1024x673.jpg" alt="" class="wp-image-1774" srcset="https://www.wuennenberg-bueren.de/zweckverband/wp-content/uploads/2024/04/XX-Oel-Couleur-1024x673.jpg 1024w, https://www.wuennenberg-bueren.de/zweckverband/wp-content/uploads/2024/04/XX-Oel-Couleur-300x197.jpg 300w, https://www.wuennenberg-bueren.de/zweckverband/wp-content/uploads/2024/04/XX-Oel-Couleur-768x505.jpg 768w, https://www.wuennenberg-bueren.de/zweckverband/wp-content/uploads/2024/04/XX-Oel-Couleur.jpg 1280w" sizes="auto, (max-width: 1024px) 100vw, 1024px" /></figure>



<div style="height:58px" aria-hidden="true" class="wp-block-spacer"></div>

<p>Diese Veranstaltung ist zum Mitmachen. Gemeinsam wird Kräuteröl aus verschiedensten Kräutern des Wurzgarten hergestellt. Hierzu werden gemeinsam Kräuter aus dem Wurzgarten gesammelt, gesäubert und anschließend zu Kräuterölen verarbeitet. Material, wie Kräuter, Öl und Gefäße werden kostenlos zur Verfügung gestellt. Samstag, den 08. Juni – Öffnung 14:00 – 18:00 Uhr 16:00 [&hellip;]</p>
